What is 5201 (base 9) in base 15?
11dd
-19ab (base 14) to base 7
-16404
-7346 (base 8) to base 12
-225a
Convert 183 (base 12) to base 15.
113
What is -2234214 (base 5) in base 3?
-2000210001
What is 12336 (base 8) in base 10?
5342
110002221 (base 3) to base 13
4030
Convert 23974 (base 10) to base 11.
17015
What is -ac3 (base 15) in base 2?
-100110000001
Convert -3528 (base 11) to base 7.
-16331
-49d (base 14) to base 13
-560
What is -125340 (base 6) in base 7?
-45522
1100211 (base 3) to base 10
994
Convert 3953 (base 12) to base 7.
25035
-30311 (base 9) to base 7
-112060
Convert 2047 (base 14) to base 3.
21121121
What is 14a (base 14) in base 8?
406
What is 176160 (base 8) in base 7?
356260
What is -11100212 (base 3) in base 5?
-100212
343 (base 8) to base 13
146
-16667 (base 11) to base 10
-23426
What is 499 (base 14) in base 11?
766
Convert -79 (base 10) to base 3.
-2221
Convert 342 (base 13) to base 8.
1061
Convert -9b (base 14) to base 11.
-115
-1943 (base 15) to base 16
-1557
Convert -201212 (base 3) to base 14.
-2a4
302301 (base 4) to base 15
e69
Convert 36 (base 8) to base 7.
42
What is -7a1a (base 14) in base 3?
-1002001220
What is -163 (base 13) in base 15?
-11a
What is -1001111001111001 (base 2) in base 11?
-28531
Convert 457 (base 9) to base 6.
1424
What is 2356 (base 8) in base 14?
662
What is 413 (base 13) in base 5?
10232
34b (base 15) to base 11
619
474 (base 15) to base 16
3f1
Convert -233300 (base 4) to base 8.
-5760
1b55 (base 12) to base 7
12563
What is -1530 (base 6) in base 10?
-414
Convert 22211 (base 3) to base 16.
ee
What is 1011000110 (base 2) in base 16?
2c6
What is -102121 (base 4) in base 16?
-499
10041 (base 6) to base 13
7a8
1120 (base 16) to base 15
1474
-33569 (base 11) to base 3
-2110122212
Convert 100021 (base 3) to base 11.
208
112412 (base 5) to base 12
2463
Convert 1110202011 (base 3) to base 15.
88ba
What is 67 (base 15) in base 9?
117
What is 242 (base 10) in base 3?
22222
What is 311311 (base 4) in base 13?
1750
608 (base 12) to base 14
464
10001111001011 (base 2) to base 13
422b
What is 110111110 (base 2) in base 9?
545
What is -5260 (base 10) in base 6?
-40204
26295 (base 12) to base 2
1100110000010001
What is -3938 (base 11) in base 14?
-1c1d
-1110112 (base 3) to base 11
-890
What is 40047 (base 9) in base 5?
1320122
Convert 700 (base 8) to base 12.
314
Convert -11101000101 (base 2) to base 4.
-131011
-4b8 (base 15) to base 16
-431
Convert 1101022 (base 4) to base 14.
1c70
-d84 (base 14) to base 6
-20200
What is 141431 (base 7) in base 2?
110100101011100
-1010221 (base 4) to base 10
-4393
Convert -10110101111000 (base 2) to base 4.
-2311320
What is -100000110101 (base 2) in base 13?
-c58
Convert 2 (base 16) to base 14.
2
212201212 (base 3) to base 5
1023203
Convert b108 (base 14) to base 7.
154411
-1010000100 (base 2) to base 3
-212212
-101 (base 16) to base 12
-195
Convert -312625 (base 7) to base 2.
-1101001000111101
Convert 647 (base 10) to base 12.
45b
Convert -30414 (base 6) to base 8.
-7712
Convert -13013 (base 4) to base 7.
-1220
-20020022 (base 3) to base 5
-121134
529 (base 10) to base 9
647
-451 (base 10) to base 4
-13003
Convert -2932 (base 16) to base 10.
-10546
Convert -24b2 (base 16) to base 15.
-2bb4
110346 (base 9) to base 15
147d0
Convert 121022220 (base 3) to base 15.
37d9
What is -8f3 (base 16) in base 5?
-33131
What is 5b8 (base 13) in base 12?
6b0
What is -10321312 (base 4) in base 13?
-91b1
What is -994 (base 11) in base 13?
-709
-771 (base 9) to base 4
-21313
What is -5272 (base 11) in base 12?
-4054
What is 100000111001001 (base 2) in base 16?
41c9
What is -5281 (base 11) in base 10?
-6986
What is -122230 (base 4) in base 7?
-4660
Convert -989a (base 11) to base 6.
-140240
Convert 10103 (base 5) to base 7.
1622
Convert 3 (base 15) to base 4.
3
-34a1 (base 11) to base 4
-1013230
-2127 (base 13) to base 8
-10764
10132000 (base 4) to base 3
221002221
10111110 (base 2) to base 3
21001
-4583 (base 13) to base 14
-379a
What is 859 (base 10) in base 15?
3c4
What is 6111 (base 11) in base 3?
102010201
What is -600 (base 7) in base 16?
-126
What is -21002 (base 4) in base 11?
-486
What is 647 (base 9) in base 10?
529
Convert -229b (base 12) to base 8.
-7427
Convert 2630a (base 11) to base 4.
21030021
98 (base 11) to base 8
153
-120334 (base 7) to base 14
-7d1b
-231 (base 10) to base 14
-127
What is -192 (base 10) in base 15?
-cc
What is 5672 (base 8) in base 15?
d52
What is -6555 (base 7) in base 11?
-1840
Convert -13306 (base 8) to base 5.
-141310
Convert -e29 (base 16) to base 8.
-7051
Convert -272 (base 14) to base 12.
-350
What is -3b3 (base 12) in base 8?
-1067
Convert a955 (base 11) to base 9.
21745
What is -1e2 (base 15) in base 8?
-665
Convert 221211212 (base 3) to base 9.
27755
Convert 15630 (base 10) to base 11.
1081a
30002323 (base 4) to base 10
49339
What is 25611 (base 7) in base 10?
6819
-40b (base 14) to base 5
-11140
Convert -317 (base 8) to base 15.
-dc
1463 (base 8) to base 16
333
-937 (base 14) to base 16
-715
What is -11011111110 (base 2) in base 4?
-123332
440 (base 5) to base 4
1320
What is -20112 (base 4) in base 13?
-321
-ab93 (base 13) to base 12
-11a39
Convert 6421 (base 10) to base 6.
45421
Convert 4057 (base 10) to base 15.
1307
10101110 (base 2) to base 7
336
What is -80a (base 15) in base 11?
-13a6
2833b (base 12) to base 3
2211111202
-1101100000110 (base 2) to base 14
-2742
What is 10020032 (base 4) in base 7?
100205
What is d14 (base 15) in base 5?
43234
102201 (base 4) to base 15
540
Convert 436 (base 13) to base 14.
397
What is -2364 (base 10) in base 4?
-210330
-101110001110 (base 2) to base 15
-d23
201202200 (base 3) to base 16
3849
-6655 (base 8) to base 16
-dad
2034 (base 5) to base 13
179
101632 (base 8) to base 13
12447
Convert -10325 (base 6) to base 12.
-9a5
-61 (base 10) to base 3
-2021
Convert -10120 (base 4) to base 12.
-1b4
Convert -13251 (base 7) to base 11.
-2750
Convert 315 (base 8) to base 12.
151
11263 (base 9) to base 10
7509
4e2 (base 16) to base 3
1201022
333424 (base 6) to base 9
42387
Convert 13500 (base 15) to base 2.
1111000110110011
What is 1559 (base 12) in base 13?
11b8
What is 11011001101110 (base 2) in base 6?
144302
What is b67 (base 13) in base 14?
9cc
618 (base 12) to base 16
374
-10224 (base 5) to base 6
-3105
Convert -2621 (base 7) to base 16.
-3e3
-74312 (base 8) to base 2
-111100011001010
-13873 (base 13) to base 12
-1921a
What is 15531 (base 6) in base 8?
5017
What is 555 (base 9) in base 13?
290
Convert 1000110 (base 2) to base 5.
240
Convert -37376 (base 11) to base 14.
-157ca
-8bd (base 14) to base 9
-2337
Convert 101224 (base 5) to base 4.
303302
What is -100022 (base 3) in base 15?
-11b
Convert -194 (base 14) to base 3.
-110002
-4707 (base 8) to base 14
-cab
-1052 (base 9) to base 15
-36b
Convert 32432 (base 6) to base 14.
18c4
-1296 (base 13) to base 8
-5142
3a9 (base 16) to base 14
4ad
Convert -35454 (base 9) to base 15.
-7051
What is -767 (base 9) in base 6?
-2524
Convert 233313 (base 4) to base 14.
118b
What is 8bc (base 16) in base 2?
100010111100
Convert 252255 (base 6) to base 2.
101100000101011
What is -13342 (base 8) in base 7?
-23036
-11010000110 (base 2) to base 15
-765
-12121000 (base 3) to base 4
-333231
Convert -11423 (base 5) to base 16.
-35f
Convert -124541 (base 6) to base 16.
-2cad
What is d5 (base 15) in base 12?
148
What is 14045 (base 6) in base 10?
2189
7443 (base 14) to base 7
112313
Convert -14500 (base 11) to base 12.
-baa2
Convert -1534 (base 6) to base 14.
-21c
21120012 (base 3) to base 4
1112021
Convert -2210041 (base 5) to base 16.
-9502
What is -1a20 (base 12) in base 16?
-c78
Convert 557 (base 10) to base 12.
3a5
Convert -1a432 (base 11) to base 9.
-43043
What is 135151 (base 7) in base 16?
64d2
-1661 (base 15) to base 9
-6541
23625 (base 7) to base 15
1c49
Convert -161 (base 16) to base 10.
-353
What is -635 (base 8) in base 10?
-413
-714 (base 8) to base 4
-13030
10122 (base 4) to base 16
11a
-a226 (base 12) to base 8
-42276
100001111000100 (base 2) to base 15
5218
-6c (base 13) to base 8
-132
3724 (base 9) to base 10
2776
Convert 1265 (base 8) to base 13.
414
What is 1141 (base 14) in base 3?
11010000
Convert 787 (base 9) to base 16.
286
-3401 (base 5) to base 3
-122122
-81